{"id":141,"date":"2018-06-27T18:28:23","date_gmt":"2018-06-27T18:28:23","guid":{"rendered":"https:\/\/diegoesteves.in\/estudos\/?page_id=141"},"modified":"2018-06-28T20:30:44","modified_gmt":"2018-06-28T20:30:44","slug":"20-29-08-2017-08-09-2017","status":"publish","type":"page","link":"https:\/\/diegoesteves.in\/estudos\/20-29-08-2017-08-09-2017\/","title":{"rendered":"[20] 29\/08\/2017 \u2013 08\/09\/2017"},"content":{"rendered":"<p><a href=\"https:\/\/diegoesteves.in\/estudos\/19-29-08-2017-08-09-20175-7\/\"><code>Voltar para nota anterior<\/code><\/a><\/p>\n<p>&nbsp;<\/p>\n<p style=\"text-align: justify;\">Est\u00e1 dado, ent\u00e3o. Tome em seu corpo os dados: jogue! Onde cai? Quais s\u00e3o os dados dos dados? N\u00fameros? Informa\u00e7\u00f5es? Conhecimento? Qual dado est\u00e1 dado e qual dado n\u00e3o? Temos um complexo jogo, em dois modos: 1 &#8211; O Jogo da Transcria\u00e7\u00e3o, onde temos os dados (arquivos)<sup>[ ]<\/sup>, mas n\u00e3o h\u00e1 outra op\u00e7\u00e3o se n\u00e3o apropriar-se deles e transcri\u00e1-los na ordem do jogo que se joga. 2 \u2013 O Jogo da Inven\u00e7\u00e3o: onde temos a mat\u00e9ria, n\u00e3o formada, n\u00e3o significada, e com ela criamos.<\/p>\n<p style=\"text-align: justify;\">Notas importantes sobre o jogo. 1\u00ba) O jogador joga tanto quanto as pe\u00e7as. Move a mat\u00e9ria, mas tamb\u00e9m \u00e9 movido, pois tamb\u00e9m \u00e9 mat\u00e9ria. Jogador-pe\u00e7a. Uma dan\u00e7a c\u00f3smica. N\u00e3o h\u00e1 hegemonia do sujeito sobre objeto: est\u00e3o todos sujeitos ao jogo no qual as mat\u00e9rias se movem e confundem o observador: vemos objeitos e subjetos<a href=\"#_ftn1\" name=\"_ftnref1\">[1]<\/a>; 2\u00ba) Existe, sobretudo para fins desta encena\u00e7\u00e3o, dois tipos de jogos: o Jogo Apol\u00ednico, jogo do belo, jogo da forma, jogo do vencedor, jogo do sujeito; e o Jogo Dionis\u00edaco, jogo do jogar, jogo do h\u00famus, jogo do prazer, jogo do devir. \u00c9 deste segundo jogo que nos ocupamos, sobretudo, aqui.<\/p>\n<p style=\"text-align: justify;\">Esse segundo jogo est\u00e1 em rela\u00e7\u00e3o com a f\u00edsica, jogo de movimentos e repouso<sup>[ ]<\/sup>, jogo de encontros<sup>[ ]<\/sup>: \u00e9 uma f\u00edsica em educa\u00e7\u00e3o, e \u00e9 uma Educa\u00e7\u00e3o Potencial<sup>[ ]<\/sup>.<\/p>\n<p style=\"text-align: right;\"><a href=\"https:\/\/diegoesteves.in\/estudos\/21-08-09-20176-7\/\"><code>Seguir para a pr\u00f3xima nota<\/code><\/a><\/p>\n<blockquote>\n<p style=\"text-align: justify;\"><a href=\"#_ftnref1\" name=\"_ftn1\">[1]<\/a> Sobre jogo, corpo e aprendizagem numa cena-aula: \u201cA aprendizagem mergulha os gestos na escurid\u00e3o do corpo; ali\u00e1s, os pensamentos tamb\u00e9m; saber \u00e9 esquecer. A virtualidade \u00e1gil e a passagem para a a\u00e7\u00e3o exigem um certo tipo de inconsci\u00eancia. Para habitar melhor o seu corpo e tamb\u00e9m comand\u00e1-lo, esque\u00e7am-se dele, pelo menos em parte\u201d (SERRES, 2004, p.43).<\/p>\n<\/blockquote>\n<p>&nbsp;<\/p>\n","protected":false},"excerpt":{"rendered":"<p>Voltar para nota anterior &nbsp; Est\u00e1 dado, ent\u00e3o. Tome em seu corpo os dados: jogue! Onde cai? Quais s\u00e3o os dados dos dados? N\u00fameros? Informa\u00e7\u00f5es? Conhecimento? Qual dado est\u00e1 dado e qual dado n\u00e3o? Temos um complexo jogo, em dois modos: 1 &#8211; O Jogo da Transcria\u00e7\u00e3o, onde temos os dados (arquivos)[ ], mas n\u00e3o [&hellip;]<\/p>\n","protected":false},"author":1,"featured_media":0,"parent":0,"menu_order":0,"comment_status":"closed","ping_status":"closed","template":"","meta":{"footnotes":""},"class_list":["post-141","page","type-page","status-publish","hentry"],"_links":{"self":[{"href":"https:\/\/diegoesteves.in\/estudos\/wp-json\/wp\/v2\/pages\/141","targetHints":{"allow":["GET"]}}],"collection":[{"href":"https:\/\/diegoesteves.in\/estudos\/wp-json\/wp\/v2\/pages"}],"about":[{"href":"https:\/\/diegoesteves.in\/estudos\/wp-json\/wp\/v2\/types\/page"}],"author":[{"embeddable":true,"href":"https:\/\/diegoesteves.in\/estudos\/wp-json\/wp\/v2\/users\/1"}],"replies":[{"embeddable":true,"href":"https:\/\/diegoesteves.in\/estudos\/wp-json\/wp\/v2\/comments?post=141"}],"version-history":[{"count":4,"href":"https:\/\/diegoesteves.in\/estudos\/wp-json\/wp\/v2\/pages\/141\/revisions"}],"predecessor-version":[{"id":512,"href":"https:\/\/diegoesteves.in\/estudos\/wp-json\/wp\/v2\/pages\/141\/revisions\/512"}],"wp:attachment":[{"href":"https:\/\/diegoesteves.in\/estudos\/wp-json\/wp\/v2\/media?parent=141"}],"curies":[{"name":"wp","href":"https:\/\/api.w.org\/{rel}","templated":true}]}}