{"id":145,"date":"2018-06-27T18:29:58","date_gmt":"2018-06-27T18:29:58","guid":{"rendered":"https:\/\/diegoesteves.in\/estudos\/?page_id=145"},"modified":"2018-07-17T17:59:07","modified_gmt":"2018-07-17T17:59:07","slug":"22-08-09-2017","status":"publish","type":"page","link":"https:\/\/diegoesteves.in\/estudos\/22-08-09-2017\/","title":{"rendered":"[22] 08\/09\/2017"},"content":{"rendered":"<p><a href=\"https:\/\/diegoesteves.in\/estudos\/21-08-09-20176-7\/\"><code>Voltar para nota anterior<\/code><\/a><\/p>\n<p><code>Notas que apontam para esta:\u00a0<a href=\"https:\/\/diegoesteves.in\/estudos\/5-27-07-2017-23-08-2017\/\">[5]<\/a>\u00a0<a href=\"https:\/\/diegoesteves.in\/estudos\/7-27-07-2017-23-08-20174-6\/\">[7]<\/a> <a href=\"https:\/\/diegoesteves.in\/estudos\/10-10-08-201740\/\">[10]<\/a> <a href=\"https:\/\/diegoesteves.in\/estudos\/19-29-08-2017-08-09-20175-7\/\">[19]<\/a> \u00a0 <\/code><\/p>\n<p>&nbsp;<\/p>\n<p style=\"text-align: justify;\">O jogo, reorganizado enquanto esporte, opera em larga escala atravessado por dimens\u00f5es econ\u00f4micas e simb\u00f3licas. O esporte insere os corpos numa l\u00f3gica da virtuose, do mais em menos tempo, das t\u00e9cnicas em prol da efici\u00eancia. Toda uma economia dos corpos voltada para a produtividade: l\u00f3gica da cultura esportista, l\u00f3gica da cultura do trabalho.<\/p>\n<p style=\"text-align: justify;\">Nessa l\u00f3gica, mesmo os jogos de rua, das escolas, do lazer, s\u00e3o capturados pela l\u00f3gica do esporte, da competi\u00e7\u00e3o \u2013 jogos de destreza e jogos de azar. Se ganha ou se perde. Produ\u00e7\u00e3o de corpos belos, reprodu\u00e7\u00e3o de modelos. Apolo comandando o jogo<sup>[ ]<\/sup>: multiplicam-se fotos nas redes sociais de trof\u00e9us: um ponto a mais, uma medalha, um risco mais definido no abd\u00f4men. Meritocracia: sem dor, sem ganho. E agradece-se a Deus quando seu time ganha, supondo-se, portanto, que Deus escolhe seu pr\u00f3prio time.<\/p>\n<blockquote>\n<p style=\"text-align: justify;\">Esses jogos s\u00e3o parciais por um duplo t\u00edtulo: porque n\u00e3o ocupam a n\u00e3o ser uma parte da atividade dos homens e porque, mesmo que os levemos ao absoluto, <em>ret\u00e9m o acaso somente em certos pontos<\/em> e abandonam o resto ao desenvolvimento mec\u00e2nico das consequ\u00eancias ou \u00e0 destreza como arte da causalidade. \u00c8 pois for\u00e7oso que, sendo mistos neles mesmos, remetam a um outro tipo de atividade, o trabalho ou a moral, dos quais eles s\u00e3o caricatura ou a contrapartida, mas tamb\u00e9m cujo elementos integram em uma nova ordem. (DELEUZE,\u00a0 2007. p.62).<\/p>\n<\/blockquote>\n<p style=\"text-align: right;\"><a href=\"https:\/\/diegoesteves.in\/estudos\/23-08-09-201725-6\/\"><code>Seguir para a pr\u00f3xima nota<\/code><\/a><\/p>\n","protected":false},"excerpt":{"rendered":"<p>Voltar para nota anterior Notas que apontam para esta:\u00a0[5]\u00a0[7] [10] [19] \u00a0 &nbsp; O jogo, reorganizado enquanto esporte, opera em larga escala atravessado por dimens\u00f5es econ\u00f4micas e simb\u00f3licas. O esporte insere os corpos numa l\u00f3gica da virtuose, do mais em menos tempo, das t\u00e9cnicas em prol da efici\u00eancia. Toda uma economia dos corpos voltada para [&hellip;]<\/p>\n","protected":false},"author":1,"featured_media":0,"parent":0,"menu_order":0,"comment_status":"closed","ping_status":"closed","template":"","meta":{"footnotes":""},"class_list":["post-145","page","type-page","status-publish","hentry"],"_links":{"self":[{"href":"https:\/\/diegoesteves.in\/estudos\/wp-json\/wp\/v2\/pages\/145","targetHints":{"allow":["GET"]}}],"collection":[{"href":"https:\/\/diegoesteves.in\/estudos\/wp-json\/wp\/v2\/pages"}],"about":[{"href":"https:\/\/diegoesteves.in\/estudos\/wp-json\/wp\/v2\/types\/page"}],"author":[{"embeddable":true,"href":"https:\/\/diegoesteves.in\/estudos\/wp-json\/wp\/v2\/users\/1"}],"replies":[{"embeddable":true,"href":"https:\/\/diegoesteves.in\/estudos\/wp-json\/wp\/v2\/comments?post=145"}],"version-history":[{"count":6,"href":"https:\/\/diegoesteves.in\/estudos\/wp-json\/wp\/v2\/pages\/145\/revisions"}],"predecessor-version":[{"id":893,"href":"https:\/\/diegoesteves.in\/estudos\/wp-json\/wp\/v2\/pages\/145\/revisions\/893"}],"wp:attachment":[{"href":"https:\/\/diegoesteves.in\/estudos\/wp-json\/wp\/v2\/media?parent=145"}],"curies":[{"name":"wp","href":"https:\/\/api.w.org\/{rel}","templated":true}]}}