{"id":147,"date":"2018-06-27T18:30:51","date_gmt":"2018-06-27T18:30:51","guid":{"rendered":"https:\/\/diegoesteves.in\/estudos\/?page_id=147"},"modified":"2018-07-17T17:43:30","modified_gmt":"2018-07-17T17:43:30","slug":"23-08-09-201725-6","status":"publish","type":"page","link":"https:\/\/diegoesteves.in\/estudos\/23-08-09-201725-6\/","title":{"rendered":"[23] 08\/09\/2017"},"content":{"rendered":"<p><a href=\"https:\/\/diegoesteves.in\/estudos\/22-08-09-2017\/\"><code>Voltar para nota anterior<\/code><\/a><\/p>\n<p><code>Notas que apontam para esta: <a href=\"https:\/\/diegoesteves.in\/estudos\/6-27-07-2017-23-08-20178-18\/\">[6]<\/a> <a href=\"https:\/\/diegoesteves.in\/estudos\/7-27-07-2017-23-08-20174-6\/\">[7]<\/a> <a href=\"https:\/\/diegoesteves.in\/estudos\/18-22-08-2017-08-09-201719-6\/\">[18]<\/a> <a href=\"https:\/\/diegoesteves.in\/estudos\/25-08-09-20172\/\">[25]<\/a><\/code><\/p>\n<p>&nbsp;<\/p>\n<p style=\"text-align: justify;\">De qualquer maneira, a vida \u00e9 cheia de \u201cregras\u201d: explicitas ou impl\u00edcitas, \u00e9 \u201cpreciso\u201d seguir as regras do jogo. Tem-se o tempo que define e o espa\u00e7o que separa. \u00c0 isso o jogo que aqui se apresenta resiste: se \u00e0s regras a\u00ed est\u00e3o, insiro elas no jogo e, produzindo varia\u00e7\u00f5es, crio minhas pr\u00f3prias regras, um jogo dentro do jogo.\u00a0 Uma po\u00e9tica da exist\u00eancia intrinsicamente relacionada com uma po\u00e9tica da resist\u00eancia: existir \u00e9 resistir. N\u00e3o se trata de uma resist\u00eancia ressentida<sup>[ ]<\/sup>, mas uma manipula\u00e7\u00e3o alegre das for\u00e7as, um jogar-dan\u00e7ar com as for\u00e7as, nos desvios poss\u00edveis das regras. N\u00e3o se trata tanto de uma subvers\u00e3o, quanto de uma transgress\u00e3o<sup>[ ]<\/sup>.<\/p>\n<p style=\"text-align: justify;\">A vida \u00e9 problem\u00e1tica. A vida \u00e9 uma sucess\u00e3o de acontecimentos singulares. \u201cSe as singularidades s\u00e3o verdadeiros acontecimentos, elas se comunicam em um s\u00f3 e mesmo Acontecimento que n\u00e3o cessa de redistribu\u00ed-las e suas transforma\u00e7\u00f5es formam uma <em>hist\u00f3ria<\/em>\u201d (DELEUZE, 2007, p.56).<\/p>\n<p style=\"text-align: justify;\">Assim, ent\u00e3o, instituir o problem\u00e1tico como condi\u00e7\u00e3o da exist\u00eancia. Em nossa via de pensamento, em nosso plano de composi\u00e7\u00e3o, inserir o problem\u00e1tico<sup>[ ]<\/sup> como a condi\u00e7\u00e3o do jogo: o jogo cria problemas, que outrora sempre estiveram a\u00ed e retornar\u00e3o no futuro: o jogo reapresenta ao jogador os problemas do existir, onde sempre resta uma pergunta fundamental. Um jogo \u00e9 t\u00e3o potente quanto forem os problemas que colocar, pois estes problemas demandam solu\u00e7\u00f5es, e entre ambos toda uma maquinaria \u00e9 colocada em movimento: sensa\u00e7\u00f5es<sup>[ ]<\/sup>, pensamentos<sup>[ ]<\/sup>, mem\u00f3ria<sup>[ ]<\/sup> e inven\u00e7\u00e3o<sup>[ ]<\/sup>: e na busca de solu\u00e7\u00e3o o ser se move, se recria; e com isso cria novos problemas: \u00e9 o jogo que cria suas novas regras a cada jogada<sup>[ ]<\/sup>, seus novos problemas a cada nova solu\u00e7\u00e3o.<\/p>\n<blockquote>\n<p style=\"text-align: justify;\">As metamorfoses ou redistribui\u00e7\u00f5es de singularidades formam uma hist\u00f3ria;\u00a0 cada combina\u00e7\u00e3o, cada reparti\u00e7\u00e3o \u00e9 um acontecimento; mas a inst\u00e2ncia paradoxal \u00e9 o Acontecimento no qual todos os acontecimentos se comunicam e se distribuem, o \u00danico acontecimento de que todos os outros n\u00e3o passam de fragmentos e farrapos. (&#8230;) A pergunta se desenvolve em problemas e os problemas se envolvem em uma pergunta fundamental. E assim como as solu\u00e7\u00f5es n\u00e3o suprimem os problemas, mas a\u00ed encontram, ao contr\u00e1rio, as condi\u00e7\u00f5es subsistentes sem as quais elas n\u00e3o teriam nenhum sentido, as respostas n\u00e3o suprimem de forma nenhuma a pergunta, nem a satisfazem e ela persiste apesar de todas as respostas. (DELEUZE, 2007. p. 59).<\/p>\n<\/blockquote>\n<p style=\"text-align: right;\"><a href=\"https:\/\/diegoesteves.in\/estudos\/24-08-09-20177\/\"><code>Seguir para a pr\u00f3xima nota<\/code><\/a><\/p>\n","protected":false},"excerpt":{"rendered":"<p>Voltar para nota anterior Notas que apontam para esta: [6] [7] [18] [25] &nbsp; De qualquer maneira, a vida \u00e9 cheia de \u201cregras\u201d: explicitas ou impl\u00edcitas, \u00e9 \u201cpreciso\u201d seguir as regras do jogo. Tem-se o tempo que define e o espa\u00e7o que separa. \u00c0 isso o jogo que aqui se apresenta resiste: se \u00e0s regras [&hellip;]<\/p>\n","protected":false},"author":1,"featured_media":0,"parent":0,"menu_order":0,"comment_status":"closed","ping_status":"closed","template":"","meta":{"footnotes":""},"class_list":["post-147","page","type-page","status-publish","hentry"],"_links":{"self":[{"href":"https:\/\/diegoesteves.in\/estudos\/wp-json\/wp\/v2\/pages\/147","targetHints":{"allow":["GET"]}}],"collection":[{"href":"https:\/\/diegoesteves.in\/estudos\/wp-json\/wp\/v2\/pages"}],"about":[{"href":"https:\/\/diegoesteves.in\/estudos\/wp-json\/wp\/v2\/types\/page"}],"author":[{"embeddable":true,"href":"https:\/\/diegoesteves.in\/estudos\/wp-json\/wp\/v2\/users\/1"}],"replies":[{"embeddable":true,"href":"https:\/\/diegoesteves.in\/estudos\/wp-json\/wp\/v2\/comments?post=147"}],"version-history":[{"count":6,"href":"https:\/\/diegoesteves.in\/estudos\/wp-json\/wp\/v2\/pages\/147\/revisions"}],"predecessor-version":[{"id":887,"href":"https:\/\/diegoesteves.in\/estudos\/wp-json\/wp\/v2\/pages\/147\/revisions\/887"}],"wp:attachment":[{"href":"https:\/\/diegoesteves.in\/estudos\/wp-json\/wp\/v2\/media?parent=147"}],"curies":[{"name":"wp","href":"https:\/\/api.w.org\/{rel}","templated":true}]}}