{"id":164,"date":"2018-06-27T18:41:09","date_gmt":"2018-06-27T18:41:09","guid":{"rendered":"https:\/\/diegoesteves.in\/estudos\/?page_id=164"},"modified":"2018-06-28T20:34:06","modified_gmt":"2018-06-28T20:34:06","slug":"31-11-10-201740","status":"publish","type":"page","link":"https:\/\/diegoesteves.in\/estudos\/31-11-10-201740\/","title":{"rendered":"[31] 11\/10\/2017"},"content":{"rendered":"<p><a href=\"https:\/\/diegoesteves.in\/estudos\/30-29-09-20172\/\"><code>Voltar para nota anterior<\/code><\/a><\/p>\n<p><code>Notas que apontam para esta: <a href=\"https:\/\/diegoesteves.in\/estudos\/40-12-10-201741\/\">[40]<\/a><\/code><\/p>\n<p>&nbsp;<\/p>\n<p style=\"text-align: justify;\">Pensar e escrever; escrita que \u00e9 pensamento, que pensa com o corpo e sobre o corpo, e que pensa sobre os corpos num corpus da educa\u00e7\u00e3o, e que transforma tudo isso em literatura \u2013 e nessa literatura um ensaio: um ensaio que pensa uma aula como um ensaio, uma aula sempre em fazimento, refazimento, um eterno fazer experimental, nessa eterna literatura experimental<sup>[ ]<\/sup>.<\/p>\n<p style=\"text-align: right;\"><code><a href=\"https:\/\/diegoesteves.in\/estudos\/32-11-10-2017\/\">Seguir para a pr\u00f3xima nota<\/a><\/code><\/p>\n","protected":false},"excerpt":{"rendered":"<p>Voltar para nota anterior Notas que apontam para esta: [40] &nbsp; Pensar e escrever; escrita que \u00e9 pensamento, que pensa com o corpo e sobre o corpo, e que pensa sobre os corpos num corpus da educa\u00e7\u00e3o, e que transforma tudo isso em literatura \u2013 e nessa literatura um ensaio: um ensaio que pensa uma [&hellip;]<\/p>\n","protected":false},"author":1,"featured_media":0,"parent":0,"menu_order":0,"comment_status":"closed","ping_status":"closed","template":"","meta":{"footnotes":""},"class_list":["post-164","page","type-page","status-publish","hentry"],"_links":{"self":[{"href":"https:\/\/diegoesteves.in\/estudos\/wp-json\/wp\/v2\/pages\/164","targetHints":{"allow":["GET"]}}],"collection":[{"href":"https:\/\/diegoesteves.in\/estudos\/wp-json\/wp\/v2\/pages"}],"about":[{"href":"https:\/\/diegoesteves.in\/estudos\/wp-json\/wp\/v2\/types\/page"}],"author":[{"embeddable":true,"href":"https:\/\/diegoesteves.in\/estudos\/wp-json\/wp\/v2\/users\/1"}],"replies":[{"embeddable":true,"href":"https:\/\/diegoesteves.in\/estudos\/wp-json\/wp\/v2\/comments?post=164"}],"version-history":[{"count":4,"href":"https:\/\/diegoesteves.in\/estudos\/wp-json\/wp\/v2\/pages\/164\/revisions"}],"predecessor-version":[{"id":523,"href":"https:\/\/diegoesteves.in\/estudos\/wp-json\/wp\/v2\/pages\/164\/revisions\/523"}],"wp:attachment":[{"href":"https:\/\/diegoesteves.in\/estudos\/wp-json\/wp\/v2\/media?parent=164"}],"curies":[{"name":"wp","href":"https:\/\/api.w.org\/{rel}","templated":true}]}}