{"id":170,"date":"2018-06-27T18:42:53","date_gmt":"2018-06-27T18:42:53","guid":{"rendered":"https:\/\/diegoesteves.in\/estudos\/?page_id=170"},"modified":"2018-06-28T20:34:35","modified_gmt":"2018-06-28T20:34:35","slug":"34-11-10-20176","status":"publish","type":"page","link":"https:\/\/diegoesteves.in\/estudos\/34-11-10-20176\/","title":{"rendered":"[34] 11\/10\/2017"},"content":{"rendered":"<p><a href=\"https:\/\/diegoesteves.in\/estudos\/33-11-10-20173\/\"><code>Voltar para nota anterior<\/code><\/a><\/p>\n<p><code>Notas que apontam para esta: <a href=\"https:\/\/diegoesteves.in\/estudos\/6-27-07-2017-23-08-20178-18\/\">[6]<\/a><\/code><\/p>\n<p>&nbsp;<\/p>\n<p style=\"text-align: justify;\">Que o jogo n\u00e3o termine. Que n\u00e3o se negue a dor de jogar e viver. E que se jogue a vida com prazer. Am\u00e9m.<\/p>\n<p style=\"text-align: right;\"><a href=\"https:\/\/diegoesteves.in\/estudos\/35-11-10-201740\/\"><code>Seguir para a pr\u00f3xima nota<\/code><\/a><\/p>\n","protected":false},"excerpt":{"rendered":"<p>Voltar para nota anterior Notas que apontam para esta: [6] &nbsp; Que o jogo n\u00e3o termine. Que n\u00e3o se negue a dor de jogar e viver. E que se jogue a vida com prazer. Am\u00e9m. Seguir para a pr\u00f3xima nota<\/p>\n","protected":false},"author":1,"featured_media":0,"parent":0,"menu_order":0,"comment_status":"closed","ping_status":"closed","template":"","meta":{"footnotes":""},"class_list":["post-170","page","type-page","status-publish","hentry"],"_links":{"self":[{"href":"https:\/\/diegoesteves.in\/estudos\/wp-json\/wp\/v2\/pages\/170","targetHints":{"allow":["GET"]}}],"collection":[{"href":"https:\/\/diegoesteves.in\/estudos\/wp-json\/wp\/v2\/pages"}],"about":[{"href":"https:\/\/diegoesteves.in\/estudos\/wp-json\/wp\/v2\/types\/page"}],"author":[{"embeddable":true,"href":"https:\/\/diegoesteves.in\/estudos\/wp-json\/wp\/v2\/users\/1"}],"replies":[{"embeddable":true,"href":"https:\/\/diegoesteves.in\/estudos\/wp-json\/wp\/v2\/comments?post=170"}],"version-history":[{"count":4,"href":"https:\/\/diegoesteves.in\/estudos\/wp-json\/wp\/v2\/pages\/170\/revisions"}],"predecessor-version":[{"id":526,"href":"https:\/\/diegoesteves.in\/estudos\/wp-json\/wp\/v2\/pages\/170\/revisions\/526"}],"wp:attachment":[{"href":"https:\/\/diegoesteves.in\/estudos\/wp-json\/wp\/v2\/media?parent=170"}],"curies":[{"name":"wp","href":"https:\/\/api.w.org\/{rel}","templated":true}]}}