{"id":180,"date":"2018-06-27T18:45:41","date_gmt":"2018-06-27T18:45:41","guid":{"rendered":"https:\/\/diegoesteves.in\/estudos\/?page_id=180"},"modified":"2018-06-28T20:35:25","modified_gmt":"2018-06-28T20:35:25","slug":"39-12-10-2017","status":"publish","type":"page","link":"https:\/\/diegoesteves.in\/estudos\/39-12-10-2017\/","title":{"rendered":"[39] 12\/10\/2017"},"content":{"rendered":"<p><code><a href=\"https:\/\/diegoesteves.in\/estudos\/38-12-10-2017\/\">Voltar para nota anterior<\/a><\/code><\/p>\n<p>&nbsp;<\/p>\n<p style=\"text-align: justify;\">Certamente \u00e9 relevante para os processos institucionais, acad\u00eamicos, e aqui, \u00e0 Educa\u00e7\u00e3o como um todo, a produ\u00e7\u00e3o de conte\u00fado, ou seja, a qualidade do que se escreve. Tomara Deus que escrevam boas coisas. Que assim seja.<\/p>\n<p style=\"text-align: right;\"><a href=\"https:\/\/diegoesteves.in\/estudos\/40-12-10-201741\/\"><code>Seguir para a pr\u00f3xima nota<\/code><\/a><\/p>\n","protected":false},"excerpt":{"rendered":"<p>Voltar para nota anterior &nbsp; Certamente \u00e9 relevante para os processos institucionais, acad\u00eamicos, e aqui, \u00e0 Educa\u00e7\u00e3o como um todo, a produ\u00e7\u00e3o de conte\u00fado, ou seja, a qualidade do que se escreve. Tomara Deus que escrevam boas coisas. Que assim seja. Seguir para a pr\u00f3xima nota<\/p>\n","protected":false},"author":1,"featured_media":0,"parent":0,"menu_order":0,"comment_status":"closed","ping_status":"closed","template":"","meta":{"footnotes":""},"class_list":["post-180","page","type-page","status-publish","hentry"],"_links":{"self":[{"href":"https:\/\/diegoesteves.in\/estudos\/wp-json\/wp\/v2\/pages\/180","targetHints":{"allow":["GET"]}}],"collection":[{"href":"https:\/\/diegoesteves.in\/estudos\/wp-json\/wp\/v2\/pages"}],"about":[{"href":"https:\/\/diegoesteves.in\/estudos\/wp-json\/wp\/v2\/types\/page"}],"author":[{"embeddable":true,"href":"https:\/\/diegoesteves.in\/estudos\/wp-json\/wp\/v2\/users\/1"}],"replies":[{"embeddable":true,"href":"https:\/\/diegoesteves.in\/estudos\/wp-json\/wp\/v2\/comments?post=180"}],"version-history":[{"count":4,"href":"https:\/\/diegoesteves.in\/estudos\/wp-json\/wp\/v2\/pages\/180\/revisions"}],"predecessor-version":[{"id":531,"href":"https:\/\/diegoesteves.in\/estudos\/wp-json\/wp\/v2\/pages\/180\/revisions\/531"}],"wp:attachment":[{"href":"https:\/\/diegoesteves.in\/estudos\/wp-json\/wp\/v2\/media?parent=180"}],"curies":[{"name":"wp","href":"https:\/\/api.w.org\/{rel}","templated":true}]}}