{"id":206,"date":"2018-06-27T19:14:08","date_gmt":"2018-06-27T19:14:08","guid":{"rendered":"https:\/\/diegoesteves.in\/estudos\/?page_id=206"},"modified":"2018-07-17T12:04:13","modified_gmt":"2018-07-17T12:04:13","slug":"50-19-10-2017","status":"publish","type":"page","link":"https:\/\/diegoesteves.in\/estudos\/50-19-10-2017\/","title":{"rendered":"[50] 19\/10\/2017"},"content":{"rendered":"<p><code><a href=\"https:\/\/diegoesteves.in\/estudos\/49-19-10-20173\/\">Voltar para nota anterior<\/a><\/code><\/p>\n<p><code>Notas que apontam para esta:\u00a0<a href=\"https:\/\/diegoesteves.in\/estudos\/7-27-07-2017-23-08-20174-6\/\">[7]<\/a> <a href=\"https:\/\/diegoesteves.in\/estudos\/10-10-08-201740\/\">[10]<\/a> <\/code><\/p>\n<p>&nbsp;<\/p>\n<p style=\"text-align: justify;\">O Corpo Potencial \u00e9 um jogador e, ao mesmo tempo, \u00e9 um corpo de entrega, um corpo-mat\u00e9ria. As duas faces de um mesmo corpo. N\u00e3o h\u00e1 uma defini\u00e7\u00e3o de corpo potencial, uma especificidade. O Corpo Potencial \u00e9 esse que joga entre os estratos e a intensidade dos fluxos vitais<sup>[ ]<\/sup>. \u00c9 um corpo que tem como ideia de equil\u00edbrio<sup>[ ]<\/sup> o paradoxo: ele \u00e9 um jogador que criar seus pr\u00f3prios jogos e ele \u00e9 a mat\u00e9ria do jogar. O corpo potencial se manifesta no intelecto, e entende que n\u00e3o pode escapar do pensamento, da retomada da recogni\u00e7\u00e3o no pensamento. Que n\u00e3o pode romper com os estratos<sup>[ ]<\/sup> e viver num fora absoluto. Um Corpo Potencial n\u00e3o escolhe a morte fisiol\u00f3gica, n\u00e3o se precipita na loucura. Ainda assim, um Corpo Potencial cria jogos mortais, pois \u00e9 preciso uma dose de morte na vida: s\u00f3 a morte pode potencializar a vida com intensidade capaz de a dar um sentido maior, sem sentidos previs\u00edveis.<\/p>\n<blockquote>\n<p style=\"text-align: justify;\">Desse processo de morte e renascimento surge a sensa\u00e7\u00e3o de que a vida \u00e9 mudan\u00e7a constante, um processo, e que n\u00e3o tem sentido apegar-se a quaisquer metas ou conceitos espec\u00edficos. As pessoas come\u00e7am a sentir que a \u00fanica coisa sensata a fazer \u00e9 concentrarem-se na pr\u00f3pria mudan\u00e7a, que \u00e9 o \u00fanico aspecto constante da exist\u00eancia (CAPRA, 2009. p.87).<a href=\"#_ftn1\" name=\"_ftnref1\">[1]<\/a><\/p>\n<\/blockquote>\n<p style=\"text-align: justify;\">Um Corpo Potencial leva a si mesmo aos limites, \u00e0 fronteira, atrav\u00e9s de um planejamento cuidadoso, de uma ascese<sup>[ ]<\/sup>, de uma prepara\u00e7\u00e3o cotidiana. \u00c9 o intelecto que cria as condi\u00e7\u00f5es para que no corpo algo passe de in\u00e9dito, de outro, para promover o devir. O Corpo Potencial \u00e9 potencial justamente por ser paradoxal<sup>[ ]<\/sup>, por ir nos dois sentidos ao mesmo tempo, e ter a pot\u00eancia suficiente para manter certa coes\u00e3o sem se rasgar por completo. Nesse movimento de tens\u00e3o existe morte, rupturas \u2013 como um m\u00fasculo que com o estresse do esfor\u00e7o f\u00edsico na realiza\u00e7\u00e3o de uma a\u00e7\u00e3o intensa se rompe, e \u00e9 a\u00ed nesse ponto de ruptura que se fortalece, que ocorre a hipertrofia muscular. Microrupturas. De forma similar, o Corpo Potencial se insere num jogo, num esfor\u00e7o onde ocorrem rupturas, numa medida que n\u00e3o seja o suficiente para uma les\u00e3o que pode diminuir sua for\u00e7a (mas que ainda assim produz certa dor, que pode ser confundida com prazer) e que tornar\u00e1 esse corpo mais forte, que aumenta sua pot\u00eancia. O Corpo Potencial est\u00e1 num jogo parecido com os jogos dos \u201cloucos\u201d, mas o primeiro cria as pr\u00f3prias regras, variando as regras j\u00e1 em jogo, enquanto os segundos s\u00e3o prov\u00e1veis passivos jogadores, sem nem perceber que jogam um jogo.<\/p>\n<blockquote>\n<p style=\"text-align: justify;\">De acordo com Grof, nossas no\u00e7\u00f5es de normal e patol\u00f3gico n\u00e3o devem se basear no conte\u00fado e na natureza de nossa experi\u00eancia, e sim no grau em que somos capazes de integrar essas experi\u00eancias incomuns em nossa vida. Laing concordou plenamente com essa concep\u00e7\u00e3o e confirmou que as experi\u00eancias dos esquizofr\u00eanicos, em particular, s\u00e3o muitas vezes indistingu\u00edveis das dos m\u00edsticos. \u201cOs m\u00edsticos e os esquizofr\u00eanicos est\u00e3o no mesmo oceano\u201d, disse solenemente, \u201cmas os m\u00edsticos nadam, ao passo que os esquizofr\u00eanicos se afogam\u201d . (CAPRA, 2009, p.106).<a href=\"#_ftn2\" name=\"_ftnref2\">[2]<\/a><\/p>\n<\/blockquote>\n<p style=\"text-align: right;\"><code><a href=\"https:\/\/diegoesteves.in\/estudos\/51-19-10-20175-55-7\/\">Seguir para a pr\u00f3xima nota<\/a><\/code><\/p>\n<blockquote>\n<p style=\"text-align: justify;\"><a href=\"#_ftnref1\" name=\"_ftn1\">[1]<\/a> Di\u00e1logo do autor com o psiquiatra Stanislav Grof.<\/p>\n<p style=\"text-align: justify;\"><a href=\"#_ftnref2\" name=\"_ftn2\">[2]<\/a> Di\u00e1logo do autor com o psiquiatra Ronald Laing.<\/p>\n<\/blockquote>\n","protected":false},"excerpt":{"rendered":"<p>Voltar para nota anterior Notas que apontam para esta:\u00a0[7] [10] &nbsp; O Corpo Potencial \u00e9 um jogador e, ao mesmo tempo, \u00e9 um corpo de entrega, um corpo-mat\u00e9ria. As duas faces de um mesmo corpo. N\u00e3o h\u00e1 uma defini\u00e7\u00e3o de corpo potencial, uma especificidade. O Corpo Potencial \u00e9 esse que joga entre os estratos e [&hellip;]<\/p>\n","protected":false},"author":1,"featured_media":0,"parent":0,"menu_order":0,"comment_status":"closed","ping_status":"closed","template":"","meta":{"footnotes":""},"class_list":["post-206","page","type-page","status-publish","hentry"],"_links":{"self":[{"href":"https:\/\/diegoesteves.in\/estudos\/wp-json\/wp\/v2\/pages\/206","targetHints":{"allow":["GET"]}}],"collection":[{"href":"https:\/\/diegoesteves.in\/estudos\/wp-json\/wp\/v2\/pages"}],"about":[{"href":"https:\/\/diegoesteves.in\/estudos\/wp-json\/wp\/v2\/types\/page"}],"author":[{"embeddable":true,"href":"https:\/\/diegoesteves.in\/estudos\/wp-json\/wp\/v2\/users\/1"}],"replies":[{"embeddable":true,"href":"https:\/\/diegoesteves.in\/estudos\/wp-json\/wp\/v2\/comments?post=206"}],"version-history":[{"count":5,"href":"https:\/\/diegoesteves.in\/estudos\/wp-json\/wp\/v2\/pages\/206\/revisions"}],"predecessor-version":[{"id":849,"href":"https:\/\/diegoesteves.in\/estudos\/wp-json\/wp\/v2\/pages\/206\/revisions\/849"}],"wp:attachment":[{"href":"https:\/\/diegoesteves.in\/estudos\/wp-json\/wp\/v2\/media?parent=206"}],"curies":[{"name":"wp","href":"https:\/\/api.w.org\/{rel}","templated":true}]}}