{"id":227,"date":"2018-06-27T19:24:08","date_gmt":"2018-06-27T19:24:08","guid":{"rendered":"https:\/\/diegoesteves.in\/estudos\/?page_id=227"},"modified":"2018-07-17T18:15:44","modified_gmt":"2018-07-17T18:15:44","slug":"60-18-11-2017","status":"publish","type":"page","link":"https:\/\/diegoesteves.in\/estudos\/60-18-11-2017\/","title":{"rendered":"[60] 18\/11\/2017"},"content":{"rendered":"<p><code><a href=\"https:\/\/diegoesteves.in\/estudos\/59-18-11-2017\/\">Voltar para nota anterior<\/a><\/code><\/p>\n<p><code>Notas que apontam para esta: <a href=\"https:\/\/diegoesteves.in\/estudos\/19-29-08-2017-08-09-20175-7\/\">[19] <\/a><\/code><\/p>\n<p>&nbsp;<\/p>\n<p style=\"text-align: justify;\">Quando a parede doente deixar de desmerecer as estrelas. E o gosto do cheiro sentir toda a vontade que cabe naquele instante. Talvez a\u00ed se possa andar com toda certeza. E de tentativa confusa quem sabe nada outra vez. Do carvalho o alho nada quer dizer. Orvalho \u00e9 s\u00f3 mais uma associa\u00e7\u00e3o. E outra e nenhuma de beijo que ningu\u00e9m deu. Pois o encontro nem sempre \u00e9 de amor, mas move os m\u00fasculos e os ossos e tamb\u00e9m os tra\u00e7os, a\u00e7os, m\u00e1rmore e \u00e1rvores. \u00c9 desse sentido e dessa aus\u00eancia que sofremos. Por querer demais. Tanto quanto por querer. Ou se. Ouse. De tudo nada n\u00e3o sei. Canto de onde canto um canto para que todo o canto mere\u00e7a seu canto no mundo, pois todos os cantos est\u00e3o no lugar que merecem. Que \u00e9 lugar algum.<\/p>\n<p style=\"text-align: right;\"><a href=\"https:\/\/diegoesteves.in\/estudos\/61-18-11-2017\/\"><code>Seguir para a pr\u00f3xima nota<\/code><\/a><\/p>\n","protected":false},"excerpt":{"rendered":"<p>Voltar para nota anterior Notas que apontam para esta: [19] &nbsp; Quando a parede doente deixar de desmerecer as estrelas. E o gosto do cheiro sentir toda a vontade que cabe naquele instante. Talvez a\u00ed se possa andar com toda certeza. E de tentativa confusa quem sabe nada outra vez. Do carvalho o alho nada [&hellip;]<\/p>\n","protected":false},"author":1,"featured_media":0,"parent":0,"menu_order":0,"comment_status":"closed","ping_status":"closed","template":"","meta":{"footnotes":""},"class_list":["post-227","page","type-page","status-publish","hentry"],"_links":{"self":[{"href":"https:\/\/diegoesteves.in\/estudos\/wp-json\/wp\/v2\/pages\/227","targetHints":{"allow":["GET"]}}],"collection":[{"href":"https:\/\/diegoesteves.in\/estudos\/wp-json\/wp\/v2\/pages"}],"about":[{"href":"https:\/\/diegoesteves.in\/estudos\/wp-json\/wp\/v2\/types\/page"}],"author":[{"embeddable":true,"href":"https:\/\/diegoesteves.in\/estudos\/wp-json\/wp\/v2\/users\/1"}],"replies":[{"embeddable":true,"href":"https:\/\/diegoesteves.in\/estudos\/wp-json\/wp\/v2\/comments?post=227"}],"version-history":[{"count":5,"href":"https:\/\/diegoesteves.in\/estudos\/wp-json\/wp\/v2\/pages\/227\/revisions"}],"predecessor-version":[{"id":900,"href":"https:\/\/diegoesteves.in\/estudos\/wp-json\/wp\/v2\/pages\/227\/revisions\/900"}],"wp:attachment":[{"href":"https:\/\/diegoesteves.in\/estudos\/wp-json\/wp\/v2\/media?parent=227"}],"curies":[{"name":"wp","href":"https:\/\/api.w.org\/{rel}","templated":true}]}}