{"id":242,"date":"2018-06-27T19:37:17","date_gmt":"2018-06-27T19:37:17","guid":{"rendered":"https:\/\/diegoesteves.in\/estudos\/?page_id=242"},"modified":"2018-06-28T20:42:15","modified_gmt":"2018-06-28T20:42:15","slug":"66-07-12-2017","status":"publish","type":"page","link":"https:\/\/diegoesteves.in\/estudos\/66-07-12-2017\/","title":{"rendered":"[66] 07\/12\/2017"},"content":{"rendered":"<p><a href=\"https:\/\/diegoesteves.in\/estudos\/65-07-12-2017\/\"><code>Voltar para nota anterior<\/code><\/a><\/p>\n<p>&nbsp;<\/p>\n<p>IDEIA DESVIANTE QUE SURGIU EM MEIO AO TEXTO ANTERIOR<\/p>\n<p>O Corpo Potencial pode ser um corpo em jogo, mas \u00e9 mais do que isso.<\/p>\n<p>O Corpo Potencial pode ser um corpo em estado de improviso, mas \u00e9 mais do que isso.<\/p>\n<p>O Corpo Potencial pode ser o si \u00e0 dan\u00e7ar nos fluxos e restri\u00e7\u00f5es da vida, mas n\u00e3o \u00e9 s\u00f3 isso.<\/p>\n<p>O Corpo Potencial pode ser o Homem Superior de Nietzsche, mas \u00e9 menos do que isso.<\/p>\n<p>O Corpo Potencial pode ser o Corpo sem \u00f3rg\u00e3os, momentaneamente.<\/p>\n<p>O Corpo Potencial poder ser uma m\u00e1quina de guerra, tamb\u00e9m.<\/p>\n<p>O Corpo Potencial pode ser um n\u00f4made, tamb\u00e9m.<\/p>\n<p>O Corpo Potencial pode ser uma palha\u00e7a, mas n\u00e3o \u00e9 engra\u00e7ada o tempo todo.<\/p>\n<p>O Corpo Potencial pode ser uma mulher, um homem, e algo entre.<\/p>\n<p>O Corpo Potencial \u00e9 instinto e raz\u00e3o, e o que passa entre e no entorno.<\/p>\n<p>O Corpo Potencial \u00e9 forte e belo, e feio e fr\u00e1gil, e pode ser outra coisa.<\/p>\n<p>O Corpo Potencial \u00e9 humano, \u00e9 animal, \u00e9 crian\u00e7a, \u00e9 texto, e \u00e9 outros \u00e9s.<\/p>\n<p>O Corpo Potencial \u00e9 varia\u00e7\u00e3o, e pode ser.<\/p>\n<p style=\"text-align: right;\"><a href=\"https:\/\/diegoesteves.in\/estudos\/67-07-12-2017\/\"><code>Seguir para a pr\u00f3xima nota<\/code><\/a><\/p>\n","protected":false},"excerpt":{"rendered":"<p>Voltar para nota anterior &nbsp; IDEIA DESVIANTE QUE SURGIU EM MEIO AO TEXTO ANTERIOR O Corpo Potencial pode ser um corpo em jogo, mas \u00e9 mais do que isso. O Corpo Potencial pode ser um corpo em estado de improviso, mas \u00e9 mais do que isso. O Corpo Potencial pode ser o si \u00e0 dan\u00e7ar [&hellip;]<\/p>\n","protected":false},"author":1,"featured_media":0,"parent":0,"menu_order":0,"comment_status":"closed","ping_status":"closed","template":"","meta":{"footnotes":""},"class_list":["post-242","page","type-page","status-publish","hentry"],"_links":{"self":[{"href":"https:\/\/diegoesteves.in\/estudos\/wp-json\/wp\/v2\/pages\/242","targetHints":{"allow":["GET"]}}],"collection":[{"href":"https:\/\/diegoesteves.in\/estudos\/wp-json\/wp\/v2\/pages"}],"about":[{"href":"https:\/\/diegoesteves.in\/estudos\/wp-json\/wp\/v2\/types\/page"}],"author":[{"embeddable":true,"href":"https:\/\/diegoesteves.in\/estudos\/wp-json\/wp\/v2\/users\/1"}],"replies":[{"embeddable":true,"href":"https:\/\/diegoesteves.in\/estudos\/wp-json\/wp\/v2\/comments?post=242"}],"version-history":[{"count":4,"href":"https:\/\/diegoesteves.in\/estudos\/wp-json\/wp\/v2\/pages\/242\/revisions"}],"predecessor-version":[{"id":558,"href":"https:\/\/diegoesteves.in\/estudos\/wp-json\/wp\/v2\/pages\/242\/revisions\/558"}],"wp:attachment":[{"href":"https:\/\/diegoesteves.in\/estudos\/wp-json\/wp\/v2\/media?parent=242"}],"curies":[{"name":"wp","href":"https:\/\/api.w.org\/{rel}","templated":true}]}}