{"id":612,"date":"2018-06-28T22:24:20","date_gmt":"2018-06-28T22:24:20","guid":{"rendered":"https:\/\/diegoesteves.in\/estudos\/?page_id=612"},"modified":"2019-06-12T01:34:09","modified_gmt":"2019-06-12T01:34:09","slug":"modos-de-jogar","status":"publish","type":"page","link":"https:\/\/diegoesteves.in\/estudos\/modos-de-jogar\/","title":{"rendered":"MODOS DE JOGAR"},"content":{"rendered":"<p style=\"text-align: justify;\">Essa primeira frase (me refiro a esta que agora voc\u00ea l\u00ea e que agora escrevo) abre as portas para nossa Sala de Estudos. Ao entrar, voc\u00ea tamb\u00e9m sai, n\u00f3s sa\u00edmos. Estamos sempre dentro. Esse par\u00e1grafo pretende sacudir os Eus da hipnose do texto burocr\u00e1tico, dos c\u00f3digos pasteurizados, das informa\u00e7\u00f5es reafirmadas e, de t\u00e3o cheias, esvaziadas. Pretendemos sair das pretens\u00f5es demasiadas. Porta aberta para um dentro do texto que \u00e9, tamb\u00e9m, um fora. Reafirmamo-nos como uma disserta\u00e7\u00e3o-texto-ensaio que:<\/p>\n<ol style=\"text-align: justify;\">\n<li>Est\u00e1 comprometida com os movimentos do pensamento em uma autoexperimenta\u00e7\u00e3o que se faz em jogo. Afirma\u00e7\u00e3o dos movimentos do pensamento, jogo com o sujeito pensante, para desviar, para afirmar o devir: pensamentos que se apresentaram num pesquisar, foram transcritos em texto pelo corpo que funciona como meio de registro e inven\u00e7\u00e3o de outras mat\u00e9rias, coisas, cita\u00e7\u00f5es, pe\u00e7as de um jogo disposto \u00e0 novas jogadas;<\/li>\n<li>Este texto tudo inclui (mesmo o que exclui), e n\u00e3o pressup\u00f5e, a n\u00e3o ser que a leitora ou leitor assim o queiram, leitura linear, \u201ccompleta\u201d ou concentrada. Se disp\u00f5e como pe\u00e7as numa sala de jogos, num territ\u00f3rio inventado, onde se apresentam v\u00e1rios caminhos, um labirinto que retorna para os mesmos lugares, produzindo encontros, diferen\u00e7as na repeti\u00e7\u00e3o, e tamb\u00e9m levando para outros lugares alheios a esse texto [assim esperamos];<\/li>\n<\/ol>\n<p style=\"text-align: justify;\">Os fragmentos nesta Sala de Estudos comp\u00f5e o nosso <a href=\"https:\/\/diegoesteves.in\/estudos\/bloco-de-notas\/\">Bloco de Notas<\/a>, e est\u00e3o ordenados na ordem de sua escrita; trata-se de um registro temporal dos movimentos do pensamento a partir dos encontros com textos, com fatos, e dos feitos da pesquisa \u2013 fizemos e somos feitos (possu\u00edmos, somos possu\u00eddos, somos outros). Em cada nota, no \u201cinterior\u201d do texto, s\u00e3o indicados hiperlinks* para outras notas como desdobramento do tema, correla\u00e7\u00e3o, ou outra varia\u00e7\u00e3o. Desta feita, apontamos possibilidades de leituras [outras podem ser inventadas]:<\/p>\n<ol style=\"text-align: justify;\">\n<li>Seguir a ordem das notas (ordem de cria\u00e7\u00e3o datada);<\/li>\n<li>Seguir a ordem dos <a href=\"https:\/\/diegoesteves.in\/estudos\/caminhos-de-leitura\/\">caminhos sugeridos<\/a> (s\u00e9ries divididas em tema \u201ccentral\u201d e \u201coutros\u201d que atravessam a pesquisa);<\/li>\n<li>Iniciar por um fragmento seguindo para outro apontado em hiperlink, interrompendo a leitura, mas retornando a nota\/ponto de leitura do qual se partiu (no in\u00edcio de cada nota s\u00e3o apresentadas as outras que apontam para esta, para que assim se possa retornar ao ponto de onde veio);<\/li>\n<li>Ler at\u00e9 o final da nota, depois eleger outro nota apontada como caminho no texto;<\/li>\n<li>Interromper a leitura sempre que aparecer um tema de interesse, seguindo, sem volta, para outro fragmento, e assim sucessivamente.<\/li>\n<\/ol>\n<p style=\"text-align: justify;\">Assim, passamos a apresentar alguns <a href=\"https:\/\/diegoesteves.in\/estudos\/caminhos-de-leitura\/\">caminhos de leitura<\/a>, que n\u00e3o s\u00e3o mais do que a possibilidade de composi\u00e7\u00f5es de textos, ou a inven\u00e7\u00e3o de uma narrativa. Eles foram criados ap\u00f3s a escrita dos fragmentos, s\u00e3o roteiros produzidos a <em>posteriori<\/em>, assim como os s\u00e3o as cria\u00e7\u00f5es dos textos da <a href=\"https:\/\/diegoesteves.in\/saladetextos\/\">Sala de Textos<\/a>; tudo inicia pelas notas: pelo o que notamos e anotamos. A partir deste bloco compomos outros textos (estes tamb\u00e9m com outras mat\u00e9rias alheias a estas) e sobre ele, na releitura, inventamos roteiros que conectam escritos que em sua cria\u00e7\u00e3o n\u00e3o tinha rela\u00e7\u00e3o proximal (mas sempre h\u00e1 rela\u00e7\u00e3o transversal). A escrita, reescrita, leitura e releitura como repeti\u00e7\u00e3o e diferen\u00e7a, o jogo do eterno retorno, um perspectivar-se no tempo: um jogar com o texto, um jogar consigo: contextos em jogo.<\/p>\n<blockquote><p>*\u00a0 Os hiperlinks est\u00e3o sendo criado no decorrer da pesquisa. Assim, alguns textos mant\u00e9m uma observa\u00e7\u00e3o, entre par\u00eanteses, sobre links a serem criados ou, simplesmente registrados como &#8220;[ ]&#8221; ou &#8220;[Link]&#8221;.<\/p><\/blockquote>\n<p style=\"text-align: right;\"><code><a href=\"https:\/\/diegoesteves.in\/estudos\/caminhos-de-leitura\/\">Seguir para os caminhos de leitura<\/a><\/code><\/p>\n<p style=\"text-align: right;\"><a href=\"https:\/\/diegoesteves.in\/estudos\/bloco-de-notas\/\"><code>Seguir para o Bloco de Notas<\/code><\/a><\/p>\n","protected":false},"excerpt":{"rendered":"<p>Essa primeira frase (me refiro a esta que agora voc\u00ea l\u00ea e que agora escrevo) abre as portas para nossa Sala de Estudos. Ao entrar, voc\u00ea tamb\u00e9m sai, n\u00f3s sa\u00edmos. Estamos sempre dentro. Esse par\u00e1grafo pretende sacudir os Eus da hipnose do texto burocr\u00e1tico, dos c\u00f3digos pasteurizados, das informa\u00e7\u00f5es reafirmadas e, de t\u00e3o cheias, esvaziadas. [&hellip;]<\/p>\n","protected":false},"author":1,"featured_media":0,"parent":0,"menu_order":0,"comment_status":"closed","ping_status":"closed","template":"","meta":{"footnotes":""},"class_list":["post-612","page","type-page","status-publish","hentry"],"_links":{"self":[{"href":"https:\/\/diegoesteves.in\/estudos\/wp-json\/wp\/v2\/pages\/612","targetHints":{"allow":["GET"]}}],"collection":[{"href":"https:\/\/diegoesteves.in\/estudos\/wp-json\/wp\/v2\/pages"}],"about":[{"href":"https:\/\/diegoesteves.in\/estudos\/wp-json\/wp\/v2\/types\/page"}],"author":[{"embeddable":true,"href":"https:\/\/diegoesteves.in\/estudos\/wp-json\/wp\/v2\/users\/1"}],"replies":[{"embeddable":true,"href":"https:\/\/diegoesteves.in\/estudos\/wp-json\/wp\/v2\/comments?post=612"}],"version-history":[{"count":9,"href":"https:\/\/diegoesteves.in\/estudos\/wp-json\/wp\/v2\/pages\/612\/revisions"}],"predecessor-version":[{"id":1132,"href":"https:\/\/diegoesteves.in\/estudos\/wp-json\/wp\/v2\/pages\/612\/revisions\/1132"}],"wp:attachment":[{"href":"https:\/\/diegoesteves.in\/estudos\/wp-json\/wp\/v2\/media?parent=612"}],"curies":[{"name":"wp","href":"https:\/\/api.w.org\/{rel}","templated":true}]}}