{"id":988,"date":"2019-03-08T21:42:53","date_gmt":"2019-03-08T21:42:53","guid":{"rendered":"https:\/\/diegoesteves.in\/estudos\/?page_id=988"},"modified":"2019-06-27T21:23:09","modified_gmt":"2019-06-27T21:23:09","slug":"109-05-03-2019","status":"publish","type":"page","link":"https:\/\/diegoesteves.in\/estudos\/109-05-03-2019\/","title":{"rendered":"[109] 05\/03\/2019"},"content":{"rendered":"<p><code><a href=\"https:\/\/diegoesteves.in\/estudos\/108-03-01-2019\/\">Voltar para nota anterior<\/a><\/code><\/p>\n<p style=\"text-align: justify;\">O corretor de ocorr\u00eancias<\/p>\n<p style=\"text-align: justify;\">Seguir o que ocorre incorre em riscos: decorre n\u00e3o haver corre\u00e7\u00e3o para o que \u00e9 incorreto por elei\u00e7\u00e3o. Aceitar a natural consequ\u00eancia de ser um desajeitado: aquele que n\u00e3o toma jeito \u2014 comportar-se? N\u00e3o pode! Precisa correr \u00e0 torto e \u00e0 direito; sua canhestra liberdade.<\/p>\n<p style=\"text-align: justify;\">Dizem que quando passa pela rua, veloz e desequilibrado, comentam: olha aquele tipo estranho!<\/p>\n<p style=\"text-align: justify;\">Suas transa\u00e7\u00f5es \u2014 transversais\u2014, conectam uma coisa \u00e0s outras \u2014 nem sempre se sabe o que e ao que (saber n\u00e3o \u00e9 condi\u00e7\u00e3o, mas uma eventual consequ\u00eancia).<\/p>\n<p style=\"text-align: justify;\">Quando perguntado pela sua profiss\u00e3o, com o tempo desenvolveu uma apresenta\u00e7\u00e3o apropriada ao entendimento: sou um agente de ocasi\u00e3o, lido com tudo o que emerge ao acaso \u2014 o que significa, em muitos casos, comprovar o acaso onde se v\u00ea, por aus\u00eancia de alcance, ou excesso de vis\u00e3o,\u00a0 apenas causa e efeito. Agencio uma localidade, um acontecimento para com seus poss\u00edveis: ou seja, \u00e9 sobre as possibilidades deste evento vitalizar a exist\u00eancia. Minha profiss\u00e3o tem por fun\u00e7\u00e3o, ent\u00e3o, interpretar o futuro do presente: trata dos imprevistos no presente, dos poss\u00edveis que ali habitam. \u00c9 uma profiss\u00e3o promissora, mas ainda encontra resist\u00eancias, sobretudo do que chamo \u2018O Mercado\u2019, para o qual todas ocorr\u00eancias s\u00e3o possibilidades de reafirmar as certezas: mercado que assim vive do consumo de valores passados, impressos em produtos presentes, que precisam ser comprados \u00e0 qualquer pre\u00e7o \u2014 sendo esse o sintoma de uma doen\u00e7a muito mais profunda e complexa. Minha firma, ao contr\u00e1rio, trabalha com o improv\u00e1vel: mat\u00e9ria vol\u00favel, mas, sem a qual a exist\u00eancia declina, pois o presente vem, sem dela se apropriar, a se tornar o futuro do passado, e a vida n\u00e3o evolui. Minha profiss\u00e3o \u00e9, assim, a profiss\u00e3o do futuro, tamb\u00e9m noutro sentido, porquanto \u00e9 ecologicamente sustent\u00e1vel, uma vez que, ao operar, sobretudo, com \u2018mat\u00e9ria sens\u00edvel\u2019, n\u00e3o aflige as mat\u00e9rias \u2018brutas\u2019 da natureza para fins humanos, demasiado humanos.<\/p>\n<p style=\"text-align: justify;\">Para os amigos mais pr\u00f3ximos, ele dizia fazer parte de uma alian\u00e7a invis\u00edvel entre indiv\u00edduos solit\u00e1rios, perdidos no tempo, entre os quais se colocava como um esfor\u00e7ado aprendiz. Dizia que dentre esses se destacavam esquecidos alqu\u00edmicos, inventores, improvisadores, poetas e toda uma sorte de artistas (no que entoava especial valor aos buf\u00f5es) e alguns not\u00f3rios fil\u00f3sofos, donde manifestava evidentes afetos por Baruch de Spinoza, Friedrich Nietzsche e Henri Bergson.<\/p>\n<p style=\"text-align: right;\"><code><a href=\"https:\/\/diegoesteves.in\/estudos\/110-06-03-2019\/\">Seguir para a pr\u00f3xima nota<\/a><\/code><\/p>\n","protected":false},"excerpt":{"rendered":"<p>Voltar para nota anterior O corretor de ocorr\u00eancias Seguir o que ocorre incorre em riscos: decorre n\u00e3o haver corre\u00e7\u00e3o para o que \u00e9 incorreto por elei\u00e7\u00e3o. Aceitar a natural consequ\u00eancia de ser um desajeitado: aquele que n\u00e3o toma jeito \u2014 comportar-se? N\u00e3o pode! Precisa correr \u00e0 torto e \u00e0 direito; sua canhestra liberdade. Dizem que [&hellip;]<\/p>\n","protected":false},"author":1,"featured_media":0,"parent":0,"menu_order":0,"comment_status":"closed","ping_status":"closed","template":"","meta":{"footnotes":""},"class_list":["post-988","page","type-page","status-publish","hentry"],"_links":{"self":[{"href":"https:\/\/diegoesteves.in\/estudos\/wp-json\/wp\/v2\/pages\/988","targetHints":{"allow":["GET"]}}],"collection":[{"href":"https:\/\/diegoesteves.in\/estudos\/wp-json\/wp\/v2\/pages"}],"about":[{"href":"https:\/\/diegoesteves.in\/estudos\/wp-json\/wp\/v2\/types\/page"}],"author":[{"embeddable":true,"href":"https:\/\/diegoesteves.in\/estudos\/wp-json\/wp\/v2\/users\/1"}],"replies":[{"embeddable":true,"href":"https:\/\/diegoesteves.in\/estudos\/wp-json\/wp\/v2\/comments?post=988"}],"version-history":[{"count":7,"href":"https:\/\/diegoesteves.in\/estudos\/wp-json\/wp\/v2\/pages\/988\/revisions"}],"predecessor-version":[{"id":1142,"href":"https:\/\/diegoesteves.in\/estudos\/wp-json\/wp\/v2\/pages\/988\/revisions\/1142"}],"wp:attachment":[{"href":"https:\/\/diegoesteves.in\/estudos\/wp-json\/wp\/v2\/media?parent=988"}],"curies":[{"name":"wp","href":"https:\/\/api.w.org\/{rel}","templated":true}]}}